 = -570 + 580. Suppose -1317 = -n*k + 3963. Calculate the highest common divisor of 48 and k.
48
Let i(z) = 16*z**2 + 6*z - 52. Suppose 3*m + 1 - 8 = -4*w, 4*w + 13 = m. Let y be i(m). What is the highest common divisor of 14 and y?
14
Let w = 286 + -192. Let g = 98 - w. Suppose -5*s - g*d + 208 = 0, -3*s - 3*d = -6*d - 114. What is the greatest common factor of s and 80?
40
Suppose 5*t - 20*t + 2*n + 3035 = 0, 20 = 4*n. Calculate the greatest common divisor of t and 29.
29
Let j(w) = 172*w**2 - 2*w + 5. Let b = 52 + -54. Let u be j(b). Let l = 985 - u. Calculate the greatest common factor of 32 and l.
32
Let f = 132 - 81. Let t = 28505 + -28499. What is the highest common divisor of f and t?
3
Suppose -1709 = -59*m + 2795 - 1613. Calculate the highest common divisor of m and 98.
49
Let k = -1759 - -1891. What is the highest common factor of 708 and k?
12
Let h(k) = 4529*k + 9066. Let i be h(-2). Let b(l) = -l**3 + 10*l**2 + 5*l - 2. Let a be b(9). What is the greatest common factor of a and i?
4
Suppose 0 = 15*x - 1128 - 1662. Suppose -6*g + 7*g + 3*s = x, -493 = -3*g + 4*s. What is the highest common factor of 9 and g?
9
Let h(q) = 27*q**2 + q + 1. Let b be h(2). Let i be -1 - 0 - (-11 + (18 - -70)). Let z = b + i. What is the greatest common factor of z and 33?
33
Suppose 5*s = 518 - 553. Suppose -9 = -3*v - 21. Let x be v/(-14) + (-523)/s. What is the highest common factor of x and 25?
25
Suppose 17*l - 120 = -7*l. Suppose -5*c - 2*y - 184 = -746, l*c - 555 = 5*y. What is the highest common divisor of c and 280?
56
Suppose 1293*z = 1291*z - 5*r + 1019, 4*r = 3*z - 1448. What is the greatest common divisor of z and 1271?
41
Let u be 860/3*(-6)/(-5). Let g = u + 70. What is the highest common factor of 18 and g?
18
Let l(j) = 10*j. Let s be l(4). Let n(g) = g**2 + 22*g + 90. Let f be n(-15). Let x = f + s. Calculate the highest common divisor of 225 and x.
25
Suppose 0 = 5*g + 5*w - 71885, -407*g + 14425 = -406*g - 5*w. What is the highest common divisor of g and 140?
35
Suppose 2*m + 2*v = 92724, -4*v - 24690 = -2*m + 68052. Calculate the greatest common divisor of m and 15.
15
Let v = 5 - 8. Let d be (-4)/((-12)/(-81)) - v. Let i = 30 - d. What is the highest common divisor of i and 6?
6
Let k(r) = r**2 - r - 3. Suppose 4 = -28*i + 29*i. Let q be k(i). Suppose 132 = q*s + 42. Calculate the highest common factor of 4 and s.
2
Suppose f = 2*r + 73, -3*f - 2*f + 2*r + 325 = 0. Let c(m) = 2*m**2 - 35*m + 122. Let k be c(4). Calculate the greatest common divisor of k and f.
7
Let r be (-2)/(-6) - (-376)/6. Let y = 449 + -439. Let x be y - (-6 - 2 - -11). What is the greatest common factor of x and r?
7
Let k(c) = 12*c**2 + 13*c - 167. Let h be k(4). What is the greatest common divisor of 44 and h?
11
Let r = -25 - -35. Suppose -5*z = -r*z + 285. Let p = z + -30. What is the greatest common divisor of p and 36?
9
Let h = -220 - -208. Let w be (-5 - (-270)/h)*-2. Calculate the greatest common factor of w and 275.
55
Let a = -2254 + 4374. Calculate the highest common divisor of a and 160.
40
Let k(h) = -425 + 27*h - 74*h + 72*h. Let o be k(38). What is the highest common divisor of 42 and o?
21
Let n(j) = -j + 12. Let g be n(0). Suppose 4*t = -r + 60, 2 + 0 = t - 3*r. Let a be t/(-2) - (-172)/4. What is the highest common factor of g and a?
12
Let s = -51 + 46. Let a be (-2)/4 - 2*s/4. Suppose -110 = -3*y - a*y. What is the highest common divisor of y and 110?
22
Let i be (-1090107)/(-117) + (12/(-104))/(3/4). Calculate the highest common factor of i and 121.
121
Let o = -7456 + 7540. Calculate the highest common factor of o and 273.
21
Suppose -15*z + 7*z = 5*r - 4335, 4*r = 5*z + 3525. Calculate the greatest common divisor of r and 7.
7
Let a be (-6)/(-5)*50/15. Let z(q) = -q**2 + 6*q + 137. Let v be z(14). Suppose v + 99 = a*h. Calculate the highest common factor of 155 and h.
31
Let i(s) = s**2 + 6*s - 53. Let m be i(6). Suppose m*o - 36*o = -1020. Calculate the highest common factor of 24 and o.
12
Suppose -561 = -53*o - 134*o. Let j(c) = 3*c**3 - c**2 + 5*c - 1. Let u be j(2). What is the greatest common divisor of u and o?
1
Let a be ((-20)/(-6))/(472/(-885))*-40. Let l = -2 - -12. What is the greatest common factor of a and l?
10
Let w be (-24)/(-10) - 24436/(-410). Calculate the highest common divisor of w and 3.
1
Let p = 268 + -121. Suppose 196 = -3*j + 7*j. What is the highest common factor of j and p?
49
Let g = -5112 + 5204. What is the greatest common divisor of 138 and g?
46
Let y be ((-124)/2)/(-2) + 56/(-14). Let n = 38 - y. Calculate the greatest common factor of n and 99.
11
Let f = 6148 + -5851. Calculate the greatest common factor of 51 and f.
3
Let o = 2761 - 1155. Calculate the greatest common factor of 66 and o.
22
Suppose -62 + 74 = 3*v, -4*g + 6040 = -5*v. What is the greatest common divisor of 75 and g?
15
Let r be (-35)/(-2) + 3/18*3. Let z be (-27)/(-486) - (-269)/r. What is the highest common factor of z and 285?
15
Let n be (9/3)/(20 + -19). Suppose 2*s - 87 = -m + s, 0 = -n*m - 5*s + 265. Calculate the greatest common factor of 5 and m.
5
Let o be ((-8)/12 - 112/(-6)) + 1. Suppose 0 = o*s - 6463 - 4310. What is the greatest common divisor of 63 and s?
63
Let y(q) = q**2 - 9*q + 1. Let c be y(10). Let j = 38 + -34. Suppose -3*n + c = j*o - 61, 0 = o - 3*n - 3. Calculate the highest common factor of 120 and o.
15
Let x be 29/((-174)/(-12)) - -1461. What is the highest common factor of x and 76?
19
Let q(z) = -43*z**2 - 5*z - 5. Let c be q(-6). Let s = -603 - c. What is the greatest common factor of s and 23?
23
Let m = 585 + 555. Suppose 12*c + 7*c - m = 0. Suppose 2*x = -4*s + 114, -s - 4*x + 17 + 1 = 0. What is the highest common factor of s and c?
30
Let b = -1777 - -2052. What is the greatest common factor of 473 and b?
11
Let v(m) = 220*m**2 - 30*m - 49 - 11*m - 218*m**2. Let c be v(22). Suppose 0*w - 68 = -2*w. What is the greatest common factor of c and w?
17
Let z(w) be the third derivative of w**6/120 - 5*w**5/12 - 11*w**4/12 - 97*w**3/6 - 141*w**2. Let r be z(26). What is the highest common factor of r and 511?
7
Suppose 306 - 274 = 4*b. Let w(f) = -f**3 + 7*f**2 + 15*f - 12. Let r be w(b). What is the greatest common factor of 2 and r?
2
Let z = 1710 - 2669. Let n = z + 963. Let m be -14*(0 - 1) - 2. What is the highest common divisor of n and m?
4
Suppose 0 = 8*j - 17*j + 81. Let w be 297/44 - j/12. What is the greatest common divisor of w and 150?
6
Let n be ((-406)/(-6))/((-110915)/(-4620) - 24). What is the highest common factor of 924 and n?
308
Let x = -181 + 188. Suppose -x = q - 20. Let i(u) = 3*u**2 - 3*u + 5. Let p be i(5). Calculate the highest common factor of q and p.
13
Let q = -15826 - -16302. Calculate the greatest common divisor of 532 and q.
28
Suppose -c + 15 = 5*y, 2*y - 18 = -5*c + 11. Suppose 5*o - y*a - 273 = 0, 3*o + 2*a + 9 = 176. What is the greatest common factor of o and 20?
5
Suppose 8*l - 480 - 64 = 0. Let b = 67 - l. Let u be -1 + -1 + (-15)/5*b. What is the greatest common factor of 7 and u?
1
Suppose 5*o - 5*a = 600 + 4345, 3*a + 1983 = 2*o. Calculate the greatest common divisor of o and 132.
12
Let x = -68235 + 68243. Let m be 50/3*6/5. Calculate the highest common divisor of m and x.
4
Let z(o) = -10*o - 146. Let f be z(-15). Suppose 4*n + f = 8, -5*n + 173 = 3*y. Calculate the highest common divisor of 24 and y.
8
Let n = 116 - 38. Suppose 5*c = n + 57. Let z = 1171 + -1168. Calculate the greatest common factor of c and z.
3
Suppose 15320 = 74*q - 66*q. Suppose 0 = -6*h - 355 + q. What is the highest common factor of 39 and h?
13
Suppose 0 = -3*k + 18, -3*p + 51 = -6*k + 4*k. Calculate the highest common factor of p and 196.
7
Let q be (60/10)/(6/198). Let k = -630 - -894. What is the highest common divisor of k and q?
66
Let g = 76 + -34. Suppose 0 = -6*b + g - 6. Let d be (-640)/b*-1 - (-88)/66. What is the greatest common divisor of d and 12?
12
Let n(y) = 11*y**2 - 51*y - 1507. Let m be n(51). Calculate the greatest common divisor of 107 and m.
107
Suppose 21*n - 22*n + 2*k + 14 = 0, 2*n = -5*k - 17. Let d be 0 + 6/9*6. What is the highest common divisor of d and n?
4
Let w be -2 - (1 + -3)*6. Let d = 85 + -91. Let a(p) = -19*p - 99. Let k be a(d). Calculate the